 by 6.
4
Suppose 6*a = 3*a - 4*w + 46, 5*a + w = 105. Suppose 4*f = 4*m - 64, 2*m - a - 8 = 4*f. Calculate the remainder when m is divided by 30/(-18) + (-46)/(-6).
5
Let j(q) = q. Let r be j(2). Suppose p - 2*u = -0*p + 336, -5*u = r*p - 654. Let k = p + -228. What is the remainder when k is divided by 27?
23
Let g = 4989 + -4953. Calculate the remainder when 1222 is divided by g.
34
Let s(u) = 13 - 5 - 3*u + 24 + u. Let l be s(6). What is the remainder when 80/l - (-1 - 55) is divided by 32?
28
Let g(m) = -378*m - 456. What is the remainder when g(-20) is divided by 209?
207
What is the remainder when 9608 is divided by (-49)/(-980) + (-6199)/(-20)?
308
Let z(k) = -k**3 - 92*k**2 - 203*k - 374. Calculate the remainder when z(-90) is divided by 17.
13
Let s be (2 - 2076/(-18) - 2)*-3. Let n = -299 - s. What is the remainder when n is divided by 8?
7
Let o(c) = 857*c - 11424. What is the remainder when o(14) is divided by 227?
120
Let g = -199 - -713. Let t = -490 + g. What is the remainder when 114 is divided by t?
18
Calculate the remainder when (-11)/((-121)/220)*41/2 is divided by 101.
6
What is the remainder when 465 is divided by (-678)/(-84) + (-13)/182?
1
Let d(m) = m**3 + 4*m**2 - 6*m - 2. Let g be (-1)/(-3)*(-9 + -6). Let b = 1201 - 1161. What is the remainder when b is divided by d(g)?
1
Let h = 88 + -132. Let y = 73 + h. Let n(f) = 2*f**2 + 6*f + 4. What is the remainder when n(5) is divided by y?
26
Suppose -45*i - 290 = -1100. Let b(g) = 7*g**3 - 3*g**2 + 2*g - 2. Let w be b(-3). Let j = -154 - w. What is the remainder when j is divided by i?
16
Let j(h) = -12*h**3 + 8*h**2 + 61*h - 4. What is the remainder when j(-7) is divided by 20?
17
Suppose 25*x = -9*x - 9*x + 1763. What is the remainder when 818 is divided by x?
39
Let a(l) = -2*l - 10. Let s be a(-9). Suppose -3*d = -4*d + g + 351, 3*d + 4*g = 1032. Calculate the remainder when s/(-2) + d/6 is divided by 19.
16
What is the remainder when -15*(9 + -77 - 11) is divided by 199?
190
Suppose -4*z - 2*y = -84, z - 4*y = -2*y + 31. Suppose -j - 5 = -6. What is the remainder when z is divided by (j - -2) + -8 + 10?
3
Suppose 158*k - 103*k - 20735 = 0. Calculate the remainder when 1109 is divided by k.
355
Let u = -3838 + 6663. What is the remainder when u is divided by 14?
11
Suppose 0 = 2*f + 2, 27*f - 26*f = -q + 234. Calculate the remainder when q is divided by 45.
10
Let c = -1 + 3. Suppose -3*d - g = -75, 40 = c*d + 3*g + g. What is the remainder when (-5)/((52/(-80))/13) is divided by d?
22
Suppose -2*c = -c - 4. Let i be 1*(-643)/c - 4/16. Calculate the remainder when 38 is divided by (54/14 + -1)/((-46)/i).
8
Suppose -5*f + 5 = 0, -943*y - 22 = -946*y - f. Calculate the remainder when 2872 is divided by y.
2
Let w(z) = -z**3 - 29*z**2 - 57*z + 30. Let s be w(-27). Suppose 0 = -2*r + s - 61. Let o = 24 - 17. What is the remainder when r is divided by o?
4
Suppose 3*s - 3*l - 312 = 0, 7*s = 4*s - 5*l + 288. Suppose -153 - 166 = -11*c. What is the remainder when s is divided by c?
14
Suppose -22 = 3*a - 127 - 51. Calculate the remainder when 512 is divided by a.
44
Suppose 630 = 1034*q - 1020*q. Let a(y) = -2*y**3 + 12*y**2 + 4*y - 17. Calculate the remainder when q is divided by a(6).
3
What is the remainder when 1546 is divided by -6 - -1 - (-56 + 34)?
16
Suppose -2*i + 6 = 2*o, 5*i - 24 = 4*o - 36. Suppose 0 = -i*m + 13*m - 5837. What is the remainder when m is divided by 75?
74
Let r = 10 + -4. Suppose 32 = p - 28. Suppose 10*g = 4*g + p. Calculate the remainder when g is divided by r.
4
Suppose r = -11*m + 202, 2*m = -2*r + 3*r + 45. Calculate the remainder when (-1110)/(-12) + (-1)/2 is divided by m.
16
Let f be (-657)/72*4*16/2. Let q = f + 337. Calculate the remainder when q is divided by 12.
9
Suppose 20 = 7*u - 5*u. Let h(i) = 4*i - 14. Calculate the remainder when h(u) is divided by (-90)/(-12) - (-6)/4.
8
Suppose 7*y - 33 + 12 = 0. Suppose 6 = y*m - 48. What is the remainder when 119 is divided by m?
11
Let j(i) = i**3 - 9*i**2 + 7*i + 7. Let t be j(8). Let m(z) = -5*z**3 - 3*z**2 - 2*z + 1. Calculate the remainder when 9 is divided by m(t).
4
Let b = 9146 - 9129. What is the remainder when 1001 is divided by b?
15
Suppose 5*n - 2*l - 5770 = -288, 0 = 3*n - 2*l - 3286. Calculate the remainder when n is divided by 197.
113
Suppose -d = 3*t - 81, 4*t - 82 = -116*d + 119*d. What is the remainder when 63 is divided by t?
13
Let q be (1 + -3)*-67*1. Suppose -5*h + 2*g - 289 = 0, -4*h + 0*h = 3*g + 222. Let k = h + q. What is the remainder when k is divided by 26?
25
Suppose -2*y = -4 - 2. Suppose -y*h = 16 - 97. What is the remainder when 1428/126*(45/6 - 3) is divided by h?
24
Suppose -144 = 101*b - 104*b. Suppose 0 = -21*l + 15*l + b. What is the remainder when (25/(-20))/((-3)/48) is divided by l?
4
Let f = -521 - -709. What is the remainder when f is divided by 58?
14
Suppose 0 = 64*b - 7697 + 242 - 8865. Calculate the remainder when 275 is divided by b.
20
Let b(a) = 525*a - 2097. What is the remainder when 281 is divided by b(4)?
2
Let d(u) be the first derivative of -u**4/4 - u**3 - 3*u**2/2 - 5*u + 1. Let a be d(-6). Let w = a - 50. What is the remainder when w is divided by 19?
14
Suppose -3*u - 5 = 5*a - 3, 2*a = u + 8. Suppose -f - 4 = -14. Calculate the remainder when ((-3)/u)/(-4*(-10)/4640) is divided by f.
7
Suppose 0 = -5*y - j + 430, 3*y + j - 454 + 198 = 0. What is the remainder when y is divided by (10/(-8))/(2/(-48))?
27
What is the remainder when (526/10)/((-26)/(-130)) is divided by 14?
11
Let z = -1899 - -1915. What is the remainder when 1180 is divided by z?
12
Let m = -32014 - -32031. What is the remainder when 1698 is divided by m?
15
Suppose -68*r + 203 = -3265. Calculate the remainder when 2293 is divided by r.
49
Calculate the remainder when 905 is divided by ((-190736)/(-105))/26 + (-4)/(-30).
65
Suppose 27*l + 4*r = 32*l - 103, -60 = 5*r. Suppose -5*v = -4*g + 59, 5*g - 2*v = -0*g + 95. Calculate the remainder when g is divided by l.
10
Suppose -2*u + 608*f + 1139 = 605*f, 2*f = 3*u - 1701. Calculate the remainder when u is divided by 26.
19
Let v = -18 - -23. Suppose v*c - 85 = -5*t, -3*t + 4*c + 21 = -2. Let f = 77 + -44. What is the remainder when f is divided by t?
7
Suppose -o = -1 - 3, 3*q = 4*o + 2021. What is the remainder when 685 is divided by q?
6
Suppose -b - 4519 = -5*w + 179, -b - 3760 = -4*w. Calculate the remainder when w is divided by 115.
18
Suppose -10*c - 2*m = -8*c - 178, 2*c - 176 = -3*m. Calculate the remainder when c is divided by 65.
26
Let y be (-1)/(16/6 + -3). Suppose -y*r = -135 + 21. Let u = 39 + 34. Calculate the remainder when u is divided by r.
35
Suppose 0 = -4*b + 1653 + 319. What is the remainder when b is divided by 99?
97
Suppose 288 = v + 2*l, 2*v + 5*l = 326 + 249. Calculate the remainder when 656 is divided by v.
76
Let u = -285 + 275. Let s(b) = -2*b**2 - 24*b - 4. Calculate the remainder when s(u) is divided by 16.
4
Let u(b) = b**3 - 14*b**2 + 21*b - 20. Let o be u(16). Suppose 7*k = -2*k + o. Suppose -37 = 5*v - k. What is the remainder when 33 is divided by v?
0
Let v(d) = 5*d + 37. Let t be v(4). Calculate the remainder when 68 is divided by (0 + 1 + t)*(-6)/(-6).
10
Let p(s) = -220*s + 1825. What is the remainder when 854 is divided by p(8)?
9
Let l(c) = c**3 + 7*c**2 - 5*c - 4. What is the remainder when (-176 - 0)/(-298 + 296) is divided by l(-7)?
26
Let b be 1*229 + 10 + -12. Suppose 2*x + 3*x = m + b, -3*m - 83 = -2*x. Let z = -11 + 23. What is the remainder when x is divided by z?
10
Suppose 0 = -4*t + 14*t - 1120. Let b = t + -6. What is the remainder when b is divided by 22?
18
Let a(p) = -123*p - 7. What is the remainder when a(-6) is divided by (31/465*(-184 - -1))/(2/(-10))?
60
Suppose -22 = -u - u. Suppose -u*y + 88 = 11*y. What is the remainder when 52 is divided by y?
0
Suppose -4*t = -6*t + 50. Suppose 319 + 248 = -7*c. Let b = -32 - c. Calculate the remainder when b is divided by t.
24
Suppose -75*l - 560 = -95*l. What is the remainder when ((-405)/(-36))/(6/16) is divided by l?
2
Let z(b) = 4*b**2 + 10*b - 30. Let a be z(2). Suppose -a*h + t - 23 = -10*h, -h - 3*t - 8 = 0. Calculate the remainder when (0 + 26)*3/2 is divided by h.
4
Let b = 54184 + -21211. What is the r